4226387 (base 9) to base 13
-612595
23140101 (base 5) to base 11
132947
What is 7506b (base 15) in base 13?
100046
201002221200 (base 3) to base 12
161800
1122434 (base 5) to base 7
113246
What is -30031000230 (base 4) in base 12?
-10a3350
-27ba34 (base 12) to base 7
-5431555
6112544 (base 7) to base 9
1325868
-4a6371 (base 12) to base 10
-1213573
-1011001111001100110100 (base 2) to base 5
-1223231334
Convert 5232701 (base 8) to base 2.
101010011010111000001
Convert -37fb8 (base 16) to base 9.
-378482
-10101000110100110000 (base 2) to base 11
-4325a0
What is -11011110110001011110111 (base 2) in base 7?
-116022210
-43a3 (base 13) to base 11
-70a1
1789907 (base 11) to base 15
3ec7b6
Convert -2709a5 (base 12) to base 7.
-5322146
What is -13230250 (base 7) in base 2?
-100101001001110100000
What is 11001011110011100 (base 2) in base 5?
11314343
Convert -3213200330 (base 4) to base 3.
-1210011210122
Convert -6255664 (base 7) to base 9.
-1367627
-12202010202 (base 3) to base 10
-113096
What is -269128 (base 10) in base 12?
-10b8b4
Convert -73867 (base 9) to base 4.
-23322313
What is -32020223221 (base 4) in base 5?
-1422034302
What is -37114302 (base 8) in base 9?
-16325045
What is -189310 (base 12) in base 15?
-87946
What is 1974240 (base 12) in base 4?
110200331100
316867 (base 12) to base 4
2332021033
Convert -3561535 (base 8) to base 12.
-3b0791
627987 (base 11) to base 7
11360130
What is 3193283 (base 10) in base 16?
30b9c3
10012031030 (base 4) to base 7
12062120
Convert 67e4b (base 15) to base 7.
2544560
-55403 (base 12) to base 11
-77906
Convert -113133132 (base 4) to base 14.
-270d0
What is -50344541 (base 6) in base 13?
-3b0722
-27a5461 (base 12) to base 3
-112220220112001
-3513342 (base 9) to base 14
-375ca1
Convert 3f140d (base 16) to base 6.
224334233
Convert -21102222220 (base 3) to base 9.
-242886
-312333320 (base 5) to base 16
-13baa0
What is -3134316 (base 7) in base 15?
-77229
What is 10102243233 (base 5) in base 2?
100110111001011011010101
Convert 10422341 (base 5) to base 12.
45451
What is -157587 (base 12) in base 10?
-365431
403111110 (base 5) to base 12
659740
-17aa82 (base 11) to base 4
-1003322010
What is -35cb90 (base 13) in base 16?
-139ba0
What is -1824810 (base 11) in base 15?
-412304
What is 444462 (base 8) in base 11?
a2611
Convert 1386144 (base 10) to base 2.
101010010011010100000
-c323 (base 14) to base 7
-166543
Convert 671538 (base 9) to base 15.
7dde5
What is 1c6754 (base 14) in base 15?
1513bb
What is 189a4 (base 15) in base 13?
2a42a
-f9e0 (base 16) to base 5
-4021333
Convert -10110100110000101 (base 2) to base 15.
-1c64e
Convert 11101002210 (base 3) to base 16.
15051
What is -3517404 (base 8) in base 4?
-3221330010
3678752 (base 10) to base 6
210503132
-222210010200200 (base 3) to base 5
-12120433000
78852 (base 11) to base 8
336760
What is 454a79 (base 13) in base 14?
3091d9
22121120212201 (base 3) to base 16
45daef
What is 678d2 (base 15) in base 6?
11020512
What is -353564 (base 7) in base 4?
-33210002
Convert b7806 (base 13) to base 9.
553825
Convert -11100101111111000 (base 2) to base 13.
-4179b
-83756a (base 13) to base 7
-35054154
Convert -3a99 (base 12) to base 10.
-6741
What is 55742365 (base 8) in base 5?
11040343014
Convert -115264 (base 10) to base 14.
-30012
-95559 (base 14) to base 16
-5804b
Convert 60bc8d (base 14) to base 15.
445c20
What is 2436537 (base 10) in base 4?
21102312321
-18397 (base 10) to base 11
-12905
-41110332 (base 5) to base 7
-2551556
What is -100110001011000110100 (base 2) in base 5?
-310011433
Convert 6aa45 (base 11) to base 15.
2052a
-20202011102121 (base 3) to base 4
-31223113333
4fd2e (base 16) to base 12
139266
Convert 12b9 (base 16) to base 12.
2935
Convert 164a49 (base 11) to base 15.
50a74
1100001000100111100 (base 2) to base 3
202012102222
Convert 2220010121020 (base 3) to base 13.
41accc
5910196 (base 10) to base 14
adbc0c
What is 32124032 (base 6) in base 16?
e68f4
Convert 375906 (base 11) to base 14.
116370
54703 (base 12) to base 15
23103
What is 146437 (base 9) in base 2?
10101111110101001
What is 121210003311 (base 4) in base 7?
110650215
-93a5 (base 13) to base 7
-113343
Convert 34388 (base 13) to base 11.
65496
Convert 100011010010100001111011 (base 2) to base 15.
c2b044
Convert -5844078 (base 9) to base 3.
-12221111002122
Convert -144552253 (base 7) to base 3.
-200010001222111
Convert -191268 (base 11) to base 16.
-47e43
Convert -6f8a0 (base 16) to base 10.
-456864
-e98b (base 16) to base 6
-1140443
Convert -40a05 (base 14) to base 3.
-21220111001
What is -63b99f (base 16) in base 11?
-376430a
-271c6 (base 16) to base 10
-160198
-15115 (base 10) to base 5
-440430
Convert 17bb0a (base 12) to base 11.
263537
213a022 (base 11) to base 3
21002002201020
Convert -3a69a93 (base 11) to base 4.
-122303122122
430115 (base 8) to base 12
6b011
15050623 (base 8) to base 2
1101000101000110010011
Convert -17a457 (base 11) to base 4.
-1003232102
What is 162227 (base 11) in base 7?
2066125
Convert 112100223 (base 4) to base 13.
3266a
Convert -60425533 (base 7) to base 6.
-255254504
What is -3880b2 (base 14) in base 15?
-285a23
-1010100010111001 (base 2) to base 9
-65222
What is -243666 (base 7) in base 4?
-22320231
11222011121 (base 3) to base 10
97810
214444440 (base 5) to base 13
26a940
What is 11110011101001111 (base 2) in base 3?
20100010102
Convert 41256125 (base 7) to base 8.
15144756
What is -10110111000010011111 (base 2) in base 3?
-1102002102200
1120021111001 (base 3) to base 12
341691
Convert 96a64 (base 14) to base 7.
3044654
-1a45822 (base 11) to base 5
-1340321112
What is -22200122211 (base 3) in base 12?
-82bb7
45231343 (base 6) to base 13
390b22
What is -445152 (base 8) in base 9?
-247832
-3560320 (base 7) to base 11
-28928a
11233111 (base 4) to base 13
a915
What is -32303002232 (base 4) in base 14?
-72d938
Convert 1a53d (base 15) to base 13.
2cc35
acb89 (base 15) to base 13
163080
Convert -224613 (base 7) to base 9.
-60886
What is c3591 (base 16) in base 14?
16b853
What is -5554245 (base 6) in base 16?
-44435
1c2cb6 (base 15) to base 3
2120221012100
-50003056 (base 7) to base 6
-224140241
287879 (base 10) to base 8
1062207
Convert 101011000101111101010 (base 2) to base 8.
5305752
-42140 (base 12) to base 13
-3054c
What is 932a7b (base 12) in base 14?
4408b5
-5179563 (base 10) to base 8
-23604253
What is -2426344 (base 7) in base 5?
-34401230
Convert 582086 (base 9) to base 5.
42134034
Convert -4764282 (base 9) to base 2.
-1001110110010001111001
Convert -42143400 (base 6) to base 11.
-7687a0
3336313 (base 9) to base 16
1b66c6
Convert 20201131 (base 4) to base 2.
1000100001011101
What is -1e982 (base 15) in base 11?
-6916a
Convert -2522553 (base 6) to base 8.
-410405
What is 1648a8a (base 11) in base 12?
b35283
Convert 200111332 (base 4) to base 3.
20201201121
Convert -4d850 (base 16) to base 10.
-317520
17c1aa (base 14) to base 3
1120200021111
210a33 (base 14) to base 15
170a49
33310321112 (base 4) to base 12
1480b32
-92b29 (base 12) to base 16
-2ecd1
11200101120 (base 3) to base 16
167eb
-6235544 (base 7) to base 10
-748703
What is 180447 (base 10) in base 5?
21233242
Convert -21120010202211 (base 3) to base 11.
-22a4931
Convert -7303522 (base 8) to base 3.
-10122022120120
What is -1066613 (base 7) in base 11?
-91a98
-44371 (base 14) to base 8
-502717
Convert 132841 (base 10) to base 14.
365a9
Convert 5462b (base 13) to base 14.
3d8b2
321300441 (base 5) to base 14
273246
Convert -94505 (base 12) to base 5.
-22204021
What is -149dd (base 15) in base 4?
-100030312
-502b61 (base 15) to base 16
-3a13ef
-132bb (base 14) to base 6
-1002313
56213 (base 9) to base 4
21013221
What is -2243233 (base 9) in base 13?
-334755
What is -10a106 (base 13) in base 5?
-100042223
-4340001 (base 5) to base 2
-10010001010001000
Convert -554690 (base 11) to base 9.
-1587408
2314435 (base 6) to base 5
12301332
-1b9d5a (base 16) to base 15
-25b354
What is -11000111000110010110111 (base 2) in base 5?
-3132232322
Convert 884481 (base 9) to base 8.
2007501
3320376 (base 9) to base 6
102131240
Convert -15a61 (base 11) to base 7.
-122545
-6746823 (base 10) to base 8
-31571307
What is 4140a43 (base 12) in base 15?
1127a53
Convert -210421032 (base 5) to base 9.
-1570806
What is -a66428 (ba